 a = 651 + z. What are the prime factors of a?
2, 37
Let l = 7615 - 6345. What are the prime factors of l?
2, 5, 127
Let u be 40 - 43 - (1 + -5447 - -2). Suppose u = 8*c + 897. List the prime factors of c.
2, 71
Let i(r) be the third derivative of 1/12*r**5 + 0 - 1/6*r**3 + 0*r - 4*r**2 - 1/12*r**4. What are the prime factors of i(4)?
71
Suppose x = -5*o + 23, -20 = -x - 3*o + 9. Suppose s = 8 + x. Suppose 4*g + r - 69 = 2*r, 3*g + 5*r - s = 0. What are the prime factors of g?
17
Let x(b) be the second derivative of -b**4/4 + 2*b**3/3 - 7*b**2 - 14*b. Let w be x(7). Let v = w + 195. What are the prime factors of v?
2, 31
Let i(q) = -3*q + 12 - q - 2*q. Let d be i(3). List the prime factors of (40/d)/((-10)/30).
2, 5
Let o(i) = i**3 - 10*i**2 - 8*i - 31. Let l be o(11). Let b(r) = 624*r - 23. List the prime factors of b(l).
5, 7
Suppose -w = -4*m - 8356, m + 5928 = 3*w - 19118. List the prime factors of w.
2, 2087
Suppose 4*j - 3*k - 36898 = 0, 917*j + 18456 = 919*j + 2*k. List the prime factors of j.
2, 7, 659
Let i = 23732 - 9498. List the prime factors of i.
2, 11, 647
Let k(i) = i**2 + 10*i - 19. Suppose -3*p - 2*d - 49 = 0, 0 = 2*p - 6*d + 7*d + 34. What are the prime factors of k(p)?
2, 19
Let n = 383 - 380. Suppose -n*z - 3*z = -4554. What are the prime factors of z?
3, 11, 23
What are the prime factors of 12/(-4)*(-67863)/9 + 6?
11, 17
What are the prime factors of 10/(-4)*1390380/(-150)?
23173
Let v = -2375 - -4244. What are the prime factors of v?
3, 7, 89
Suppose 3*p - 6*p - 18 = 0. What are the prime factors of (-1)/p + (-7002)/(-108)?
5, 13
Suppose 0 = -2*v + 349*g - 351*g + 62992, -2*g - 31481 = -v. What are the prime factors of v?
3, 3499
Let k(j) = 7*j**3 + 2*j**2 + 3*j + 2. Let i be k(-1). Let z(v) = -v**3 - 4*v**2 + 2*v - 7. Let w be z(i). What are the prime factors of 1 + 1 + w + 4?
59
Let y be 2/(-2) + 1 - -7. What are the prime factors of -2 - (1 - 165 - y)?
13
Suppose 4*u - 2 = 3*u. Suppose 308 = 21*t - 238. List the prime factors of t - 0*u/(-6).
2, 13
Let z(l) = -l**3 - 19*l**2 - 51*l - 18. Let b be z(-16). Let q = b + 1624. What are the prime factors of q?
2, 827
Let u(c) = 7*c - c + 30 - 17*c + 4*c. Let w = 26 + -37. What are the prime factors of u(w)?
107
Suppose 139*g - 1827882 = 44*g + 53*g. What are the prime factors of g?
3, 89, 163
Let u = -268 + 152. Let o = u - -265. Let r = o - 116. What are the prime factors of r?
3, 11
Suppose v = -2*b - 1, 164 = -b + 162. Suppose -5*c + 1487 = 2*q, v*q = -5*c + 964 + 1259. What are the prime factors of q?
2, 23
Let l(v) = 4*v - 6. Let c be l(2). Suppose 0 = -2*y + 3*i + 198, 3*y - c*y + 3*i = 99. What are the prime factors of y?
3, 11
Suppose 3*o + 25 = 8*o. Suppose 7*f - 2*f = -4*y + 177, -15 = -o*y. List the prime factors of 3*2*6/(18/f).
2, 3, 11
Suppose 5*p - 5 = -5*z, 4*p + 1 = 4*z + 5*p. Suppose z = -j - j + a + 69, 5*a + 180 = 5*j. List the prime factors of j.
3, 11
Let m(i) = 3*i**3 - i**2 - 5*i + 432. Let f(g) = -g**3 + g**2 + g. Let t(o) = 2*f(o) + m(o). What are the prime factors of t(0)?
2, 3
Let p(n) = -64*n - 27. Let b be p(5). Let z = 1026 + b. What are the prime factors of z?
7, 97
Suppose -9*u - u = -100. Suppose -5*i + u*i = -y - 18, y = -2*i - 21. Let q = y + 64. What are the prime factors of q?
41
Suppose -546 = h + 2*h. Let w = h - -448. List the prime factors of w.
2, 7, 19
Suppose 0*c - 3*c - 1524 = 0. Let l = c - -744. What are the prime factors of l?
2, 59
Let w(s) be the first derivative of s**2/2 + 22*s - 30. Let p be w(-8). What are the prime factors of (-2)/(p/(-579)) - 2/(-7)?
83
Let x(k) = -12*k - 80. Let v be x(-7). Let o(g) = 188*g - 58. List the prime factors of o(v).
2, 347
Let h = 221 + -255. Let o(x) = -15*x + 168. What are the prime factors of o(h)?
2, 3, 113
Let u(i) = -i + 3. Let f be u(3). Let j = 2 + f. Suppose 0 = 5*w + 5*r - 275, -w + 65 = j*r + r. List the prime factors of w.
2, 5
Let h(i) be the first derivative of -35/2*i**2 + 20 - 56*i - 1/3*i**3. List the prime factors of h(-23).
2, 5, 11
What are the prime factors of 5*-25852*3/(-60)?
23, 281
Suppose -4*j - j = 28*j - 588060. List the prime factors of j.
2, 3, 5, 11
Suppose 2961*m = 2986*m - 9750. List the prime factors of m.
2, 3, 5, 13
Let o(f) = 18*f + 0 - 1 + 8*f. Let g = -76 + 78. What are the prime factors of o(g)?
3, 17
List the prime factors of 0 + ((-2)/(-18) - (-203788)/234).
13, 67
Let y = 6580 - 3791. What are the prime factors of y?
2789
Let h(b) = b**3 + 11*b**2 + 37*b + 3*b**2 + 8 - 4 - 13*b. Let o be h(-12). Suppose s - 52 = -a, 260 = o*s + a + 43. List the prime factors of s.
5, 11
Let z be 4 + 4*(3 + -4). Let i(x) = x**3 - 2*x**2 - 43. Let m be i(z). List the prime factors of (-2 + 3)/((-1)/m).
43
Let q = 26920 + -10651. What are the prime factors of q?
3, 11, 17, 29
Suppose -i + 4*z + 2224 = -3*i, -3*i + 4*z - 3316 = 0. Let r = 1560 + i. List the prime factors of r.
2, 113
Let v be 7/(-1) + (-42 - -52). Suppose 3*y + x = -v*x + 2908, x = 1. List the prime factors of y.
2, 11
Let s = -288 - -513. Suppose -4*d - 5*t + 1151 = 0, 3*d = -t + 1102 - s. List the prime factors of d.
2, 3, 7
Let d(i) = 233 + 417*i + 416*i - 834*i. List the prime factors of d(12).
13, 17
Suppose -3*l + 3*z + 29919 = 0, 5*l + 5*z - 13503 = 36322. What are the prime factors of l?
3, 3323
Let q = 12439 + 6927. List the prime factors of q.
2, 23, 421
Let c be ((-3 + 4)*-2)/1 + 41. Suppose 7*w - 38 = c. What are the prime factors of (-124)/(-44) + -3 - (-915)/w?
83
Let q(s) = 169*s**2 + 14*s - 102. What are the prime factors of q(-12)?
2, 3, 7, 191
Let b(c) = 2*c**2 + 87 - 22*c - 92 - 4*c**2. Let m be b(-13). Let n = m - -85. List the prime factors of n.
2, 7
Suppose 453280 + 270096 = 58*m. What are the prime factors of m?
2, 1559
Let u(w) = w**2 - 4*w + 58. Let f(c) = 2*c + 1. Let h(b) = 3*f(b) + u(b). List the prime factors of h(-15).
2
Let u = -1221 - -2393. Let h = u - 631. List the prime factors of h.
541
Let p(b) be the first derivative of 5*b**4/4 + 2*b**3 - 3*b**2/2 - b + 19. List the prime factors of p(4).
13, 31
Let b(w) = -w - 9. Let p be b(-17). Suppose -v + p*v - 175 = 0. Suppose 5*m = -v, 5*d - 485 = 2*m - 4*m. List the prime factors of d.
3, 11
Suppose -a + 21101 = 5*p + 3*a, 0 = p - a - 4213. Suppose 0 = 17*m - 14570 + p. List the prime factors of m.
3, 7, 29
What are the prime factors of (-2 - 112/(-24))*(-50778)/(-24)?
2, 7, 13, 31
Suppose 1552 = 79*b + 18*b. What are the prime factors of b?
2
Suppose -133*p = -55*p - 325728. List the prime factors of p.
2, 3, 29
Let d(g) = 9*g**2 - g - 1. Let n be d(-1). Suppose 4*p - p - n = 0. Suppose 0 = 3*o - 3*x - 156, -p*x = -6*o + 7*o - 56. What are the prime factors of o?
53
Let g(x) = -15*x**3 + 25*x**2 + 70*x + 7. List the prime factors of g(-12).
28687
Let i(b) = -3456*b - 3760. What are the prime factors of i(-13)?
2, 31, 83
Let p = -214 + 209. List the prime factors of (1106/(-10))/(p*2/50).
7, 79
Suppose -20*m + 18*m = 45*m - 31913. List the prime factors of m.
7, 97
Let t(l) = -6*l**2 + 4*l + 4 + 4*l - 12*l + 8*l. Let u be t(-3). Let n = 35 - u. What are the prime factors of n?
97
Let r = 16977 - 9462. List the prime factors of r.
3, 5, 167
Suppose 2*c = -b + 677, -1560 + 221 = -4*c - 5*b. Let l = 48 - 48. Suppose -3*y - c + 851 = l. What are the prime factors of y?
2, 5, 17
Let c be 2 + (-2 - 0) + 132. Suppose 2*j + 2*v + 138 = 0, -j - 2*v - 53 - 15 = 0. Let k = j + c. What are the prime factors of k?
2, 31
Let a = 779 - 721. Suppose -8*b - a = -210. List the prime factors of b.
19
Let f(g) = 5 + 44*g - 9*g**2 - 16 + 11*g**2 + 8 + 16*g**2. List the prime factors of f(-6).
3, 127
Let d = -12447 - -20430. What are the prime factors of d?
3, 887
Suppose -2*t - 12 = 0, c + 490*t - 11640 = 494*t. List the prime factors of c.
2, 3, 11
Let z(i) = i**3 + 15*i**2 - 17*i - 93. Let t = 23 - 36. What are the prime factors of z(t)?
2, 233
Suppose 3*v = v - 4. Let r(w) = -40*w - 124. Let x(g) = 8*g + 25. Let i(a) = v*r(a) - 11*x(a). What are the prime factors of i(-13)?
7, 11
Let i(y) = -4*y + 60. Let o be i(16). What are the prime factors of (1724/(-12))/1*(1 + o)?
431
Let r be (-10)/(-2) + 2/(-2)*2. Suppose -5*t + f - r*f = -818, t - 154 = 2*f. Suppose 11*p + t = 624. What are the prime factors of p?
2, 3, 7
Let g = 67 + -64. 